?
3
What is -8 + -2 - (1 + 1 - (-13 - -15))?
-10
What is 5 - (5 - (4 + -5 + 5))?
4
What is (7 + 1 - (1 + 0)) + -210 + 212?
9
Evaluate 3 - 0 - (-6 + (15 - 0)).
-6
(5 + -19 - -11) + 2 - 17
-18
What is the value of -2 - (6 + -1 + 6 + -15)?
2
What is 16 - (-15 + 37 + -21)?
15
Evaluate (-2 - 42 - -23) + (1 - -3).
-17
What is the value of (191 - 189) + -1 + 3?
4
What is -17 + 2 + (17 - (14 - -5))?
-17
What is the value of -18 + -7 + (10 - 0)?
-15
Evaluate -19 + (18 - -15) + -27.
-13
What is the value of (17 - 7) + 0 + -1 + (8 - 2)?
15
Calculate -23 - (32 - (48 - -6)).
-1
What is the value of -5 - (-6 - -16 - (8 + -8) - -3)?
-18
What is 10 - -2 - -7 - 25?
-6
What is 6 + (0 - 8 - -6)?
4
Evaluate 12 - (-16 - ((-11 - 20) + 10)).
7
Evaluate 0 - (20 + -11 - 8).
-1
What is the value of (-49 - -43) + -2 + -2 + -1 + 17?
6
What is -1 + 11 + 5 + -11 + -28?
-24
What is (2 - (-3 + 2)) + -8 + 1 + 10?
6
What is the value of (1 - 1) + (10 - 6)?
4
Evaluate -8 - (0 + -6) - (-3 + -14 + 2).
13
Calculate 12 + (12 - 14 - 7).
3
(-36 + 37 - (-3 + 1)) + -10 + 3
-4
Evaluate (-3 - -21) + (-50 - (-3 - 32)).
3
1 + -7 + (-11 + 11 + -5 - -8)
-3
Calculate -34 - (1 - 30 - -4).
-9
Calculate (-9 - -2) + (-4 - (-10 - 0)) + -4.
-5
8 - (-14 - 3) - 13
12
Calculate (5 + -19 - -2) + -3 + 2.
-13
What is 12 - ((2 - -2) + -7 + 56)?
-41
-13 + 0 - (1 - (-5 + -11 - -6))
-24
What is the value of (0 - (17 + -14)) + 0 + -1?
-4
((2 - 1) + 10 + -8 - -7) + -3
7
Evaluate 27 - 0 - (10 - (-30 - -40)).
27
Calculate -6 + 8 + 7 - 6 - -4.
7
What is 14 + -7 - 4 - (3 + 9)?
-9
Calculate -4 + (4 - ((5 + -6 - 5) + -3)).
9
-2 - ((-2 - 16) + 16 - (1 + 1))
2
(-12 - -11) + -10 - -1 - -6 - -7
3
2 - 1 - (-74 - -84)
-9
Calculate 20 + -1 - (21 + -25) - 16.
7
17 + 0 + -13 + 7 - (1 - 1)
11
What is (219 - 214) + (0 - 12)?
-7
What is (-6 - (10 - 8) - 7) + -6?
-21
What is (102 - 104) + (0 - 9)?
-11
Evaluate -9 - (-8 - -4 - 8).
3
Evaluate -15 + (12 - 13) + -8.
-24
5 - (-19 - (-8 - -15)) - 10
21
Evaluate 313 + -310 + 4 + 0 + 1 + 1.
9
7 + -11 + -6 + (3 + -1 - -10)
2
Evaluate (-12 + 12 - -4) + (1 - 8).
-3
What is -12 + 53 + -44 + 1 + -8?
-10
What is the value of (-1 - (-3 - -14)) + 154 + -170?
-28
(21 - (6 + 11)) + (-2 - -4) + 4
10
Calculate (3 - -4 - (4 - 8)) + -1.
10
Evaluate 20 - 11 - -24 - 22.
11
What is the value of -1 + 1 + (55 - (-13 + 69))?
-1
Calculate (2 + -4 - 0) + (-17 - (-29 - -16)).
-6
6 + 11 + -2 + (-1 - 1)
13
-7 + (29 - 20) - (2 - 2 - 1)
3
-12 + 36 + -4 + -20
0
What is 227 - 243 - (-29 + -2)?
15
What is 94 + -85 + -1 + -16?
-8
What is the value of (-1 - (2 - 1) - (-53 - -59)) + -3?
-11
What is the value of (-35 - (11 - 38)) + -17?
-25
Evaluate (-2 - -1) + -20 - (7 - 9).
-19
What is (-8 + 4 - -26 - 0) + -8 + 4?
18
Evaluate 0 + -2 + -35 + 31 - -1.
-5
What is (8 - (8 + 11)) + (51 - 59)?
-19
What is the value of 13 - (6 - -9 - 9)?
7
What is the value of (10 - 12 - -17) + -16 + -10?
-11
What is the value of 14 + -8 + 3 - 0?
9
(4 - (-4 + 6)) + 13 - 5
10
What is the value of 17 - 2 - (16 + -21 + 11)?
9
1 - (-15 + 16 + 10)
-10
Evaluate (2 - -23) + (-3 - (-21 - -9 - -1)).
33
Evaluate (2 - -4 - 12) + (2 - 12) - -9.
-7
Calculate (-10 - (-34 - (-10 + -8))) + -38.
-32
-1 + -8 + -4 + 1 + 4
-8
Evaluate (-2 - -1 - -15) + -27.
-13
What is -1 + 17 - (2 + 15)?
-1
What is the value of -3 - 7 - -12 - -2?
4
Evaluate 10 - (27 + -1 + -1) - -14.
-1
Calculate (4 - -2) + (39 - 32) + (6 - -2).
21
What is 1 + 1 + (-39 - (-48 + 19))?
-8
Calculate -4 + -10 - ((-2 - 4) + 11).
-19
Calculate -3 + -5 + -7 + (-19 - -11).
-23
What is the value of 23 + -14 + -18 + 13 + -7?
-3
(14 - -19 - -2) + -68
-33
Evaluate 8 + -48 + 66 + (-3 + -7 - 0).
16
What is ((-17 - -1) + 9 - 3) + 30 - 3?
17
Evaluate -1 + 19 + (-1042 - -1017).
-7
What is the value of 2 + 16 + -6 + -24?
-12
2 + (0 + 2 - -8) + -4 + 2
10
Calculate 14 + -8 + (-18 - 2) + (2 - 0).
-12
Evaluate 5 - (15 - 1) - (-29 - -31).
-11
Calculate -1 + -6 - (-14 - (31 + -17 + -9)).
12
What is (-5 + 5 - -7 - 16) + -16?
-25
1 - 3 - 7 - (23 - (7 - -17))
-8
Evaluate (-38 - -8) + 13 - -10.
-7
Calculate (17 - 11) + 14 + 4.
24
What is the value of 4 + (3 - -3) - 11 - -18?
17
Calculate (0 - 7) + (0 + 4 - (-9 - -6)).
0
What is 6 + -3 - ((3 - (3 - -5)) + 0)?
8
Evaluate 3 + -10 + -2 + 21 - (0 + -2).
14
What is the value of (29 - 9 - -10) + -55?
-25
Evaluate -2 + (-7 - ((11 - 17) + -3)).
0
What is 3 + -12 - (-3 + -15)?
9
Calculate (-1 - 6) + (-31 + 26 - -10 - 13).
-15
Calculate 1 + (-4 - (7 - 2) - -3) - -7.
2
-6 - (3 + (-5 - 1) + -10) - -1
8
-89 + 85 - (0 - 4)
0
What is (11 - 5) + -5 - 2 - (35 - 33)?
-3
-4 + (19 + -14 - 9) + (4 - 0)
-4
Evaluate (12 + -11 - -22) + -5 + -4.
14
What is the value of -3 - (-3 - -15 - 6) - 10?
-19
Evaluate 0 - (14 + -11 + 8).
-11
(0 - -7) + (1 - (-14 - (-8 - 11)))
3
(-1 - (-4 - (4 - 15)) - -5) + 19
16
What is the value of -7 - (3 + -2 + 0) - (371 - 407)?
28
What is 10 - -3 - (-14 - -9)?
18
What is 1 + 0 - (14 + -12) - (1 - 28)?
26
Evaluate 48 + -9 + -26 + -1 + 0 + -9.
3
8 + -4 + (-14 - -10 - (1 + -1))
0
Evaluate -14 - (4 + -5) - -3.
-10
What is the value of -4 - 2 - (-7 - -9 - 6 - 3)?
1
What is 7 - 33 - (-3 + -28)?
5
Calculate (888 - 884) + -2 + 1.
3
Calculate (-8 - (10 + -6)) + 4 - -16.
8
What is the value of -6 + -2 + -3 + 7 + -1 + -20?
-25
Calculate -29 - (2 + -10 + (3 - (-5 + 7))).
-22
What is the value of (3 - (16 - (-3 - -4))) + -18 + 22?
-8
Calculate -265 + 268 + (-16 - (1 - -1)).
-15
-57 - -61 - (-20 + 2)
22
What is 18 - ((-36 - -18) + 30)?
6
What is 32 - (18 - -7) - (-2 + 0)?
9
Calculate -17 + 24 + (-12 - -12).
7
Evaluate 33 - (3 - (4 - 12) - -2).
20
What is -8 + (-11 - (-6 + -19))?
6
Calculate 3 + (3 + (-8 - -2) - 4).
-4
What is the value of -1 + (-10 - (11 + -30)) + -4?
4
(-25 - (-30 + 43)) + 23
-15
Evaluate (-11 - (-8 - -6 - 3)) + 9.
3
-6 + (-7 - (1 - 7)) + 2 + 3
-2
8 - 8 - (28 + -23)
-5
What is (25 + -13 - 24) + 1?
-11
Calculate 2 - (-2 + 4) - 3.
-3
Calculate -1 - (-8 + 1 + 19 + -12) - -4.
3
Calculate -4 + -1 + (-83 - -93) - (4 - 2).
3
Calculate -1 + -3 + -5 + (-4 - -4 - -8).
-1
Evaluate -1 - -24 - (-1535 - -1530).
28
Calculate -2 + 15 - (3 + (4 - 5)).
11
(60 - 56 - (3 - -1 - 1)) + 8
9
What is 5 + (1 - 2) + 4?
8
Calculate -23 + 30 + (1 - -1).
9
Calculate 26 + -7 + -11 - (0 - 1).
9
What is (-8 - -19 - 12) + -2?
-3
Evaluate (-1 - 1) + (-12 - -21).
7
What is the value of -6 + (9 - (9 + -11) - 4)?
1
Evaluate (-5 - (9 - -2)) + (-2 - -15 - 15).
-18
What is the value of -39 + -27 + 60 - (-3 + 0)?
-3
Evaluate 62 + -67 - (-17 + -1).
13
What is the value of -29 - (1 + 14 + 9 + -14)?
-39
What is 4 + (2 - 0 - 7) - (-2 - -9)?
-8
Evaluate 13 - (16 + -16) - 5 - (0 - -19).
-11
Evaluate 10 + 0 + -9 + 21 - 6.
16
What is 4 + 2 - ((-3 - 12) + 11)?
10
Evaluate 7 + (11 - (-8 + 20)) + -14.
-8
What is 0 - ((-1 - 17) + -261 + 262)?
17
What is 6 + (-2 + -7 + 16 - 10)?
3
Evaluate -1 + -14 + 7 + (-2 - -7).
-3
What is the value of (-3 - -3) + -14 + 7 + 10?
3
Evaluate 2 + 0 + (2 - 1) - (-110 - -116).
-3
What is the value of (-3 - -10) + 1 - (-47 + 51) - -6?
10
What is the value of (-1 - 3) + (-12 - 24 - -47)?
7
What is (18 + -2 - 26) + 1 - 9?
-18
Evaluate -35 - -35 - (5 + 3 + -14).
6
-338 + 349 + 1 + 0 + -8
4
Evaluate -9 - (7 + 2) - -10.
-8
Evaluate (-7 - -17) + -8 - (-6 + -1 - -2).
7
Evaluate -6 + (10 - (-12 - -15)).
1
Calculate 5 + 2 + (2 - (1 - -4)) - 9.
-5
What is -3 + 6 - (-27 - -23)?
7
Calculate -8 + (13 - 12) + 15.
8
What is -26 - -39 - -7 - 4?
16
Evaluate (1 + -7 - -3) + 8 - (9 + -2).
-2
What is 0 + 5 + -2 - (38 + -16 - 8)?
-11
(-2 - (2 + 4)) + -14 + 6 - 2
-18
What is the value of ((-1 - 2) + -1 + -36 - -9) + 7?
-24
Calculate (3 - (-31 - -25)) + -2.
7
What is 12 + -21 + -60 + 33?
-36
What is the value of 13 - (29 + -19 + 3 - 31)?
31
20 + -8 + (-7 + 12 - (8 + -2))
11
Calculate (7 - 2) + 8 + -7.
6
What is the value of -296 - -310 - (-24 - -4)?
34
What is the value of (-5 - 1) + -9 + -8 + 15?
-8
1 + -7 + (-18 - -16) + -9 + 4
-13
What is 18 + (12 - 10) + -21?
-1
Evaluate 1 + (-7 - -4) + 7 - -3.
8
Evaluate -12 + 15 + -26 - -6.
-17
What is the value of -6 - (-4 + (-15 - -40) - (-1 - -5))?
-23
Calculate (-3 - -8 - (-69 + 65)) + -12.
-3
20 - (-17 - -10) - 14
13
Calculate -32 - (-1 + -6 + 12 + -15).
-22
Calculate 1 + (0 + 0 - (0 - (8 - 12))).
-3
What is the value of (0 - 2) + -3 + (-4 - (3 - 9))?
-3
(5 - 10)